{"id":7664,"date":"2018-06-07T17:38:02","date_gmt":"2018-06-07T15:38:02","guid":{"rendered":"http:\/\/www.rsue.de\/?page_id=7664"},"modified":"2024-04-09T17:18:13","modified_gmt":"2024-04-09T15:18:13","slug":"schulsozialarbeit","status":"publish","type":"page","link":"https:\/\/www.rsue.de\/?page_id=7664","title":{"rendered":"Schulsozialarbeit"},"content":{"rendered":"\n<p>Liebe Sch\u00fclerinnen und Sch\u00fcler, liebe Eltern,<\/p>\n\n\n\n<p>mein Name ist Christian Schroeder und ich bin Schulsozialarbeiter an der Realschule \u00dcberlingen.<\/p>\n\n\n\n<figure class=\"wp-block-image size-large is-resized\"><img fetchpriority=\"high\" decoding=\"async\" width=\"313\" height=\"369\" src=\"https:\/\/www.rsue.de\/wp-content\/uploads\/2020\/05\/Christian-Schroeder.png\" alt=\"\" class=\"wp-image-19022\" style=\"width:328px;height:387px\" srcset=\"https:\/\/www.rsue.de\/wp-content\/uploads\/2020\/05\/Christian-Schroeder.png 313w, https:\/\/www.rsue.de\/wp-content\/uploads\/2020\/05\/Christian-Schroeder-254x300.png 254w, https:\/\/www.rsue.de\/wp-content\/uploads\/2020\/05\/Christian-Schroeder-230x271.png 230w\" sizes=\"(max-width: 313px) 100vw, 313px\" \/><\/figure>\n\n\n\n<p>Schulsozialarbeit ist eine pr\u00e4ventive Form der Jugendhilfe, welche direkt im System Schule vor Ort zu erreichen ist. Als Sozialarbeiter bin ich f\u00fcr die Sch\u00fcler*innen, die Eltern sowie Lehrer*innen Ansprechperson im Rahmen sozialer Belange. Im Fokus meiner Arbeit stehen die Bed\u00fcrfnisse der Sch\u00fcler*innen.<\/p>\n\n\n\n<p>Die Schulsozialarbeit an der Realschule \u00dcberlingen befindet sich in Tr\u00e4gerschaft des CJD Bodensee-Oberschwaben. Das CJD (Christliches Jugenddorfwerk Deutschlands e. V.) ist ein bundesweites Jugend-, Bildungs- und Sozialwerk, das Jugendlichen und jungen Erwachsenen Ausbildung, F\u00f6rderung und Unterst\u00fctzung in ihrer aktuellen Lebenssituation anbietet. Nach dem Motto \u201eJedem seine Chance!\u201c orientiert es die Inhalte seiner Arbeit am christlichen Menschenbild.<\/p>\n\n\n\n<hr class=\"wp-block-separator has-css-opacity\"\/>\n\n\n\n<h3 class=\"wp-block-heading\">Arbeitsfelder<\/h3>\n\n\n\n<h4 class=\"wp-block-heading\">1. Einzelfallhilfe<\/h4>\n\n\n\n<p>Die Kinder und Jugendlichen k\u00f6nnen sich zu jeder Zeit an mich wenden. Ich bin Ansprechpartner f\u00fcr alle Themen, die, die Kinder und Jugendlichen besch\u00e4ftigen und in dem Fall auch ernst zu nehmen sind. Ich stehe unter Schweigepflicht. Gerne k\u00f6nnen auch Sie als Eltern einen Termin mit mir vereinbaren, sollten Sie ein Anliegen haben. Termine sind nach Absprache auch au\u00dferhalb der Schulzeiten m\u00f6glich.<\/p>\n\n\n\n<p><strong>Online-Beratung<\/strong>: Die Sch\u00fcler*innen und Eltern haben die M\u00f6glichkeit einer Online-Beratung \u00fcber \u201eGoogle Meet\u201c. Einen Termin zur Online-Beratung kann \u00fcber den Untis-Messenger bei Christian Schroeder angefragt werden.<\/p>\n\n\n\n<h4 class=\"wp-block-heading\">2. Sozialp\u00e4dagogische Gruppenangebote<\/h4>\n\n\n\n<p>Im Klassenverband oder fest definierten Gruppen werden Themenschwerpunkte bearbeitet und spielerisch die sozialen Kompetenzen trainiert.<\/p>\n\n\n\n<h4 class=\"wp-block-heading\">3. Offenes Angebot<\/h4>\n\n\n\n<p>Im Sch\u00fclercaf\u00e9 und Jugendraum k\u00f6nnen sich die Sch\u00fcler*innen ganz ungezwungen treffen, sich austauschen und mit diversen Spielangeboten besch\u00e4ftigen. Das Sch\u00fclercaf\u00e9 wird von Sch\u00fcler*innen im engen Austausch mit Herrn Schroeder betrieben.<\/p>\n\n\n\n<h5 class=\"wp-block-heading\">\u00d6ffnungszeiten:<\/h5>\n\n\n\n<p>Montag bis Freitag in den gro\u00dfen Pausen von 9:20 Uhr bis 9:40 Uhr und 11:10 Uhr bis 11:30 Uhr, ab 13:00 Uhr<\/p>\n\n\n\n<figure class=\"wp-block-image size-large is-resized\"><img decoding=\"async\" width=\"639\" height=\"426\" src=\"https:\/\/www.rsue.de\/wp-content\/uploads\/2020\/11\/Jugendraum-639x426.jpg\" alt=\"\" class=\"wp-image-19091\" style=\"width:461px;height:307px\" srcset=\"https:\/\/www.rsue.de\/wp-content\/uploads\/2020\/11\/Jugendraum-639x426.jpg 639w, https:\/\/www.rsue.de\/wp-content\/uploads\/2020\/11\/Jugendraum-300x200.jpg 300w, https:\/\/www.rsue.de\/wp-content\/uploads\/2020\/11\/Jugendraum-230x153.jpg 230w, https:\/\/www.rsue.de\/wp-content\/uploads\/2020\/11\/Jugendraum-350x233.jpg 350w, https:\/\/www.rsue.de\/wp-content\/uploads\/2020\/11\/Jugendraum-480x320.jpg 480w, https:\/\/www.rsue.de\/wp-content\/uploads\/2020\/11\/Jugendraum.jpg 763w\" sizes=\"(max-width: 639px) 100vw, 639px\" \/><\/figure>\n\n\n\n<hr class=\"wp-block-separator has-css-opacity\"\/>\n\n\n\n<h4 class=\"wp-block-heading\">Kontakt<\/h4>\n\n\n\n<p>Im Rahmen meiner T\u00e4tigkeit bin ich sehr viel im Schulhaus unterwegs. Sollten Sie mich telefonisch schwer erreichen, hinterlassen Sie mir doch bitte eine Nachricht auf dem Anrufbeantworter oder schreiben Sie mir eine E-Mail.<\/p>\n\n\n\n<p><em>Schulsozialarbeit<\/em><br \/>Realschule \u00dcberlingen<br \/>Rauensteinstr. 4<br \/>88662 \u00dcberlingen<\/p>\n\n\n\n<p>Telefon: 07551\/309078<br \/>Mail: <a href=\"mailto:schulsozialarbeit@rsue.de\">schulsozialarbeit@rsue.de<\/a><\/p>\n\n\n\n<hr class=\"wp-block-separator has-alpha-channel-opacity\"\/>\n\n\n<style id=\"wpforms-css-vars-20949-block-f435b5d9-34a0-4bda-837f-378260d87a1e\">\n\t\t\t\t#wpforms-20949.wpforms-block-f435b5d9-34a0-4bda-837f-378260d87a1e {\n\t\t\t\t--wpforms-field-text-color: #000000;\n\t\t\t}\n\t\t\t<\/style><div class=\"wpforms-container wpforms-container-full wpforms-block wpforms-block-f435b5d9-34a0-4bda-837f-378260d87a1e wpforms-render-modern\" id=\"wpforms-20949\"><form id=\"wpforms-form-20949\" class=\"wpforms-validate wpforms-form wpforms-ajax-form\" data-formid=\"20949\" method=\"post\" enctype=\"multipart\/form-data\" action=\"\/index.php?rest_route=%2Fwp%2Fv2%2Fpages%2F7664\" data-token=\"b0ec75bd932417828a1ed2ffd77bab25\" data-token-time=\"1777600739\"><div class=\"wpforms-head-container\"><div class=\"wpforms-title\">Kummerkasten<\/div><div class=\"wpforms-description\">Die Nachricht landet direkt bei der Schulsozialarbeit der Realschule \u00dcberlingen.<\/div><\/div><noscript class=\"wpforms-error-noscript\">Bitte aktivieren Sie JavaScript in Ihrem Browser, um dieses Formular fertigzustellen.<\/noscript><div id=\"wpforms-error-noscript\" style=\"display: none;\">Bitte aktivieren Sie JavaScript in Ihrem Browser, um dieses Formular fertigzustellen.<\/div><div class=\"wpforms-field-container\"><div id=\"wpforms-20949-field_0-container\" class=\"wpforms-field wpforms-field-name\" data-field-id=\"0\"><fieldset><legend class=\"wpforms-field-label\">Name<\/legend><div class=\"wpforms-field-row wpforms-field-medium\"><div class=\"wpforms-field-row-block wpforms-first wpforms-one-half\"><input type=\"text\" id=\"wpforms-20949-field_0\" class=\"wpforms-field-name-first\" name=\"wpforms[fields][0][first]\" aria-errormessage=\"wpforms-20949-field_0-error\" ><label for=\"wpforms-20949-field_0\" class=\"wpforms-field-sublabel after\">Vorname<\/label><\/div><div class=\"wpforms-field-row-block wpforms-one-half\"><input type=\"text\" id=\"wpforms-20949-field_0-last\" class=\"wpforms-field-name-last\" name=\"wpforms[fields][0][last]\" aria-errormessage=\"wpforms-20949-field_0-last-error\" ><label for=\"wpforms-20949-field_0-last\" class=\"wpforms-field-sublabel after\">Nachname<\/label><\/div><\/div><\/fieldset><\/div><div id=\"wpforms-20949-field_1-container\" class=\"wpforms-field wpforms-field-email\" data-field-id=\"1\"><label class=\"wpforms-field-label\" for=\"wpforms-20949-field_1\">E-Mail<\/label><input type=\"email\" id=\"wpforms-20949-field_1\" class=\"wpforms-field-medium\" name=\"wpforms[fields][1]\" spellcheck=\"false\" aria-errormessage=\"wpforms-20949-field_1-error\" ><\/div><div id=\"wpforms-20949-field_2-container\" class=\"wpforms-field wpforms-field-textarea\" data-field-id=\"2\"><label class=\"wpforms-field-label\" for=\"wpforms-20949-field_2\">Nachricht <span class=\"wpforms-required-label\" aria-hidden=\"true\">*<\/span><\/label><textarea id=\"wpforms-20949-field_2\" class=\"wpforms-field-medium wpforms-field-required\" name=\"wpforms[fields][2]\" aria-errormessage=\"wpforms-20949-field_2-error\" required><\/textarea><\/div><div id=\"wpforms-20949-field_3-container\" class=\"wpforms-field wpforms-field-gdpr-checkbox\" data-field-id=\"3\"><label class=\"wpforms-field-label\">DSGVO-Einverst\u00e4ndnis <span class=\"wpforms-required-label\" aria-hidden=\"true\">*<\/span><\/label><ul id=\"wpforms-20949-field_3\" class=\"wpforms-field-required\"><li class=\"choice-1\"><input type=\"checkbox\" id=\"wpforms-20949-field_3_1\" name=\"wpforms[fields][3][]\" value=\"Ich willige ein, dass diese Website meine \u00fcbermittelten Informationen speichert, sodass meine Anfrage beantwortet werden kann.\" aria-errormessage=\"wpforms-20949-field_3_1-error\" required ><label class=\"wpforms-field-label-inline\" for=\"wpforms-20949-field_3_1\">Ich willige ein, dass diese Website meine \u00fcbermittelten Informationen speichert, sodass meine Anfrage beantwortet werden kann.<\/label><\/li><\/ul><\/div><\/div><!-- .wpforms-field-container --><div class=\"wpforms-recaptcha-container wpforms-is-recaptcha wpforms-is-recaptcha-type-invisible\" ><div class=\"g-recaptcha\" data-sitekey=\"6LfcqLspAAAAAFonUiQifMyJHJ3e2p9H1P0TB5un\" data-size=\"invisible\"><\/div><\/div><div class=\"wpforms-submit-container\" ><input type=\"hidden\" name=\"wpforms[id]\" value=\"20949\"><input type=\"hidden\" name=\"page_title\" value=\"\"><input type=\"hidden\" name=\"page_url\" value=\"https:\/\/www.rsue.de\/index.php?rest_route=\/wp\/v2\/pages\/7664\"><input type=\"hidden\" name=\"url_referer\" value=\"\"><button type=\"submit\" name=\"wpforms[submit]\" id=\"wpforms-submit-20949\" class=\"wpforms-submit\" data-alt-text=\"Senden\u2026\" data-submit-text=\"Absenden\" aria-live=\"assertive\" value=\"wpforms-submit\">Absenden<\/button><img decoding=\"async\" src=\"https:\/\/www.rsue.de\/wp-content\/plugins\/wpforms-lite\/assets\/images\/submit-spin.svg\" class=\"wpforms-submit-spinner\" style=\"display: none;\" width=\"26\" height=\"26\" alt=\"Wird geladen\"><\/div><\/form><\/div>  <!-- .wpforms-container -->\n\n\n<hr class=\"wp-block-separator has-css-opacity\"\/>\n\n\n\n<h3 class=\"wp-block-heading\">Beratungsstellen in \u00dcberlingen<\/h3>\n\n\n\n<p><strong>Psychologische Beratungsstelle<\/strong><br \/>f\u00fcr Eltern, Kinder und Jugendliche<br \/>Johann-Kraus-Stra\u00dfe 3<br \/>88662 \u00dcberlingen<br \/>Telefon: 07551-8303-0<\/p>\n\n\n\n<p><strong>Gemeinschaftspraxis Tabea &amp; Holger Stuck<\/strong><br \/>Fach\u00e4rzte f\u00fcr Kinder- und Jugendpsychiatrie und Psychotherapie<br \/>Heiligenbreite 52<br \/>88662 \u00dcberlingen<br \/>Telefon:&nbsp;07551-915455<\/p>\n\n\n\n<p><strong>Morgenrot<br \/><\/strong>Beratungsstelle gegen sexuellen Missbrauch<br \/>Schlachthausstra\u00dfe 5<br \/>88662 \u00dcberlingen<br \/>Telefon: 07551-9444746<\/p>\n\n\n\n<p><strong>Diakonisches Werk \u00dcberlingen<\/strong><br \/>Christophstr. 31<br \/>88662 \u00dcberlingen<br \/>Telefon: 07551-918990<\/p>\n\n\n\n<p><strong>Zwei weitere Telefonnummern:<\/strong><\/p>\n\n\n\n<ul class=\"wp-block-list\">\n<li>Das Kinder- und Jugendtelefon der \u201eNummer gegen Kummer\u201c: 116111<\/li>\n\n\n\n<li>Das Elterntelefon der \u201eNummer gegen Kummer\u201c:&nbsp;0800-1110550<\/li>\n<\/ul>\n\n\n\n<hr class=\"wp-block-separator has-css-opacity\"\/>\n\n\n\n<h3 class=\"wp-block-heading\">Weitere Beitr\u00e4ge<\/h3>\n\n\n\n<p>Siehe unter der Kategorie <a href=\"https:\/\/www.rsue.de\/?cat=72\"><strong>Schulsozialarbeit<\/strong><\/a>.<\/p>\n","protected":false},"excerpt":{"rendered":"<p>Liebe Sch\u00fclerinnen und Sch\u00fcler, liebe Eltern, mein Name ist Christian Schroeder und ich bin Schulsozialarbeiter an der Realschule \u00dcberlingen. Schulsozialarbeit ist eine [&hellip;]<\/p>\n","protected":false},"author":15,"featured_media":0,"parent":4,"menu_order":4,"comment_status":"open","ping_status":"closed","template":"elementor_header_footer","meta":{"footnotes":""},"class_list":["post-7664","page","type-page","status-publish","hentry"],"_links":{"self":[{"href":"https:\/\/www.rsue.de\/index.php?rest_route=\/wp\/v2\/pages\/7664","targetHints":{"allow":["GET"]}}],"collection":[{"href":"https:\/\/www.rsue.de\/index.php?rest_route=\/wp\/v2\/pages"}],"about":[{"href":"https:\/\/www.rsue.de\/index.php?rest_route=\/wp\/v2\/types\/page"}],"author":[{"embeddable":true,"href":"https:\/\/www.rsue.de\/index.php?rest_route=\/wp\/v2\/users\/15"}],"replies":[{"embeddable":true,"href":"https:\/\/www.rsue.de\/index.php?rest_route=%2Fwp%2Fv2%2Fcomments&post=7664"}],"version-history":[{"count":69,"href":"https:\/\/www.rsue.de\/index.php?rest_route=\/wp\/v2\/pages\/7664\/revisions"}],"predecessor-version":[{"id":20957,"href":"https:\/\/www.rsue.de\/index.php?rest_route=\/wp\/v2\/pages\/7664\/revisions\/20957"}],"up":[{"embeddable":true,"href":"https:\/\/www.rsue.de\/index.php?rest_route=\/wp\/v2\/pages\/4"}],"wp:attachment":[{"href":"https:\/\/www.rsue.de\/index.php?rest_route=%2Fwp%2Fv2%2Fmedia&parent=7664"}],"curies":[{"name":"wp","href":"https:\/\/api.w.org\/{rel}","templated":true}]}}