{"id":702,"date":"2009-10-03T11:43:15","date_gmt":"2009-10-03T09:43:15","guid":{"rendered":"http:\/\/www.rsue.de\/?page_id=702"},"modified":"2025-10-18T09:46:57","modified_gmt":"2025-10-18T07:46:57","slug":"konzeption-und-profil","status":"publish","type":"page","link":"https:\/\/www.rsue.de\/?page_id=702","title":{"rendered":"Konzeption und Profil"},"content":{"rendered":"\n<p>Die Realschule \u00dcberlingen liegt in der Tr\u00e4gerschaft der Stadt \u00dcberlingen.<\/p>\n\n\n\n<p>Das Schulgesetz in Baden-W\u00fcrttemberg definiert den Schultyp Realschule eindeutig: Die Realschule vermittelt eine erweiterte Allgemeinbildung.<\/p>\n\n\n\n<p>Im Rahmen der operativ eigenst\u00e4ndigen Schule hat sich die Realschule \u00dcberlingen eigene&nbsp;Schwerpunkte gesetzt, eine Konzeption entwickelt, sich ein Profil gegeben.<\/p>\n\n\n\n<p>Konzeption und Profil sind f\u00fcr alle an der Schule Beteiligten verbindlich:<\/p>\n\n\n\n<div class=\"wp-block-columns is-layout-flex wp-container-core-columns-is-layout-28f84493 wp-block-columns-is-layout-flex\">\n<div class=\"wp-block-column is-layout-flow wp-block-column-is-layout-flow\">\n<ul class=\"wp-block-list\">\n<li>Schulleitung<\/li>\n\n\n\n<li>Lehrerinnen und Lehrer<\/li>\n\n\n\n<li>Sch\u00fclerinnen und Sch\u00fcler<\/li>\n\n\n\n<li>Sch\u00fclerinnen und Sch\u00fcler<\/li>\n\n\n\n<li>Schulsozialarbeiter<\/li>\n\n\n\n<li>Mitarbeiterinnen im Sekretariat<\/li>\n\n\n\n<li>Hausmeister und Team<\/li>\n\n\n\n<li>Schultr\u00e4ger<\/li>\n<\/ul>\n<\/div>\n\n\n\n<div class=\"wp-block-column is-layout-flow wp-block-column-is-layout-flow\">\n<p class=\"has-text-align-center\">Jeder an der Schule Beteiligte soll wissen:<\/p>\n\n\n\n<h4 class=\"wp-block-heading has-text-align-center\">\u201eIch werde gesehen,<br \/>ich werde geh\u00f6rt,<br \/>ich werde gebraucht!\u201c<\/h4>\n\n\n\n<p class=\"has-text-align-center\">(Elmar Osswald)<\/p>\n<\/div>\n<\/div>\n\n\n\n<hr class=\"wp-block-separator has-alpha-channel-opacity\"\/>\n\n\n\n<h3 class=\"wp-block-heading\">Z U T R A U E N<\/h3>\n\n\n\n<h4 class=\"wp-block-heading\">interessiert<\/h4>\n\n\n\n<ul class=\"wp-block-list\">\n<li>Unterricht<\/li>\n\n\n\n<li>Curriculum<\/li>\n\n\n\n<li>Methodenkonzeption<\/li>\n\n\n\n<li>Berufsorientierung<\/li>\n<\/ul>\n\n\n\n<h4 class=\"wp-block-heading\">eigenverantwortlich<\/h4>\n\n\n\n<ul class=\"wp-block-list\">\n<li>Lernkultur<\/li>\n\n\n\n<li>Lehrerunterrichtszimmer (LUZI)<\/li>\n\n\n\n<li>Lifetime-Sport<\/li>\n\n\n\n<li>Gro\u00dfe Pausenregelung<\/li>\n\n\n\n<li>Bl\u00e4serklasse<\/li>\n\n\n\n<li>4 Schulsegelschiffe: \u201eRealinghi\u201c, \u201eRealuna\u201c, \u201eReally\u201c, \u201eReality\u201c<\/li>\n\n\n\n<li>Schulsanit\u00e4tsdienst<\/li>\n<\/ul>\n\n\n\n<h4 class=\"wp-block-heading\">kritikf\u00e4hig<\/h4>\n\n\n\n<ul class=\"wp-block-list\">\n<li>Konfliktl\u00f6sungsstrategien anwenden<\/li>\n\n\n\n<li>R\u00fcckmeldungen einfordern und anwenden<\/li>\n\n\n\n<li>Interne Evaluationen (Selbstbeurteilung) durchf\u00fchren<\/li>\n<\/ul>\n\n\n\n<hr class=\"wp-block-separator has-alpha-channel-opacity\"\/>\n\n\n\n<h3 class=\"wp-block-heading\">R E S P E K T<\/h3>\n\n\n\n<h4 class=\"wp-block-heading\">tolerant<\/h4>\n\n\n\n<ul class=\"wp-block-list\">\n<li>Sch\u00fclerbegegnungen mit franz\u00f6sischen Sch\u00fclern<\/li>\n\n\n\n<li>Austauschprogramm mit der polnischen Partnerschule in Izbica<\/li>\n<\/ul>\n\n\n\n<h4 class=\"wp-block-heading\">kommunikativ<\/h4>\n\n\n\n<ul class=\"wp-block-list\">\n<li>Teambildungen<\/li>\n\n\n\n<li>Transparente Entscheidungen<\/li>\n<\/ul>\n\n\n\n<h4 class=\"wp-block-heading\">\u00f6kologisch<\/h4>\n\n\n\n<ul class=\"wp-block-list\">\n<li>M\u00fcllvermeidung und Trennung<\/li>\n\n\n\n<li>Schulgarten<\/li>\n<\/ul>\n\n\n\n<hr class=\"wp-block-separator has-alpha-channel-opacity\"\/>\n\n\n\n<h3 class=\"wp-block-heading\">F \u00dc R S O R G E<\/h3>\n\n\n\n<h4 class=\"wp-block-heading\">gesund<\/h4>\n\n\n\n<ul class=\"wp-block-list\">\n<li>Gesundheitskonzeption<\/li>\n\n\n\n<li>Pr\u00e4ventionskonzeption<\/li>\n<\/ul>\n\n\n\n<h4 class=\"wp-block-heading\">sozial<\/h4>\n\n\n\n<ul class=\"wp-block-list\">\n<li>Mediation<\/li>\n\n\n\n<li>Zusammenarbeit mit dem Altersheim St. Ulrich<\/li>\n\n\n\n<li>F\u00f6rderverein<\/li>\n\n\n\n<li>Unterst\u00fctzung der Partnerschule Leoncido Prado in Peru (Adventsbasar)<\/li>\n\n\n\n<li>Schulsozialarbeit<\/li>\n\n\n\n<li>Beratungslehrer<\/li>\n<\/ul>\n\n\n\n<h4 class=\"wp-block-heading\">konsequent<\/h4>\n\n\n\n<ul class=\"wp-block-list\">\n<li>Schulordnung<\/li>\n<\/ul>\n\n\n\n<hr class=\"wp-block-separator has-alpha-channel-opacity\"\/>\n\n\n\n<h3 class=\"wp-block-heading\">S C H U T Z K O N Z E P T<\/h3>\n\n\n\n<div data-wp-interactive=\"core\/file\" class=\"wp-block-file\"><object data-wp-bind--hidden=\"!state.hasPdfPreview\" hidden class=\"wp-block-file__embed\" data=\"https:\/\/www.rsue.de\/wp-content\/uploads\/2025\/10\/Leitlinien-Lehrer.pdf\" type=\"application\/pdf\" style=\"width:100%;height:1148px\" aria-label=\"Einbettung von Leitlinien Lehrer.\"><\/object><a id=\"wp-block-file--media-8b2f8c10-5dc7-4195-920c-bde120787caa\" href=\"https:\/\/www.rsue.de\/wp-content\/uploads\/2025\/10\/Leitlinien-Lehrer.pdf\">Leitlinien Lehrer<\/a><\/div>\n","protected":false},"excerpt":{"rendered":"<p>Die Realschule \u00dcberlingen liegt in der Tr\u00e4gerschaft der Stadt \u00dcberlingen. Das Schulgesetz in Baden-W\u00fcrttemberg definiert den Schultyp Realschule eindeutig: Die Realschule vermittelt [&hellip;]<\/p>\n","protected":false},"author":15,"featured_media":0,"parent":160,"menu_order":0,"comment_status":"closed","ping_status":"closed","template":"page-templates\/page_fullwidth.php","meta":{"footnotes":""},"class_list":["post-702","page","type-page","status-publish","hentry"],"_links":{"self":[{"href":"https:\/\/www.rsue.de\/index.php?rest_route=\/wp\/v2\/pages\/702","targetHints":{"allow":["GET"]}}],"collection":[{"href":"https:\/\/www.rsue.de\/index.php?rest_route=\/wp\/v2\/pages"}],"about":[{"href":"https:\/\/www.rsue.de\/index.php?rest_route=\/wp\/v2\/types\/page"}],"author":[{"embeddable":true,"href":"https:\/\/www.rsue.de\/index.php?rest_route=\/wp\/v2\/users\/15"}],"replies":[{"embeddable":true,"href":"https:\/\/www.rsue.de\/index.php?rest_route=%2Fwp%2Fv2%2Fcomments&post=702"}],"version-history":[{"count":43,"href":"https:\/\/www.rsue.de\/index.php?rest_route=\/wp\/v2\/pages\/702\/revisions"}],"predecessor-version":[{"id":21791,"href":"https:\/\/www.rsue.de\/index.php?rest_route=\/wp\/v2\/pages\/702\/revisions\/21791"}],"up":[{"embeddable":true,"href":"https:\/\/www.rsue.de\/index.php?rest_route=\/wp\/v2\/pages\/160"}],"wp:attachment":[{"href":"https:\/\/www.rsue.de\/index.php?rest_route=%2Fwp%2Fv2%2Fmedia&parent=702"}],"curies":[{"name":"wp","href":"https:\/\/api.w.org\/{rel}","templated":true}]}}