{"id":21156,"date":"2024-09-19T18:03:37","date_gmt":"2024-09-19T16:03:37","guid":{"rendered":"https:\/\/www.rsue.de\/?page_id=21156"},"modified":"2025-11-28T09:25:48","modified_gmt":"2025-11-28T08:25:48","slug":"webuntis-elternzugang","status":"publish","type":"page","link":"https:\/\/www.rsue.de\/?page_id=21156","title":{"rendered":"WebUntis f\u00fcr Erziehungsberechtigte"},"content":{"rendered":"\n<div class=\"wp-block-buttons is-content-justification-center is-layout-flex wp-container-core-buttons-is-layout-a89b3969 wp-block-buttons-is-layout-flex\">\n<div class=\"wp-block-button is-style-fill\"><a class=\"wp-block-button__link has-white-color has-text-color has-background has-link-color wp-element-button\" href=\"https:\/\/rsue.webuntis.com\/WebUntis\/?school=rsue#\/basic\/login\" style=\"background-color:#dd8500\" target=\"_blank\" rel=\"https:\/\/kephiso.webuntis.com\/WebUntis\/?school=RS+%C3%9Cberlingen#\/basic\/main noreferrer noopener nofollow\">WebUntis starten<\/a><\/div>\n<\/div>\n\n\n\n<p>Als Erziehungsberechtigte haben Sie unter anderem folgende M\u00f6glichkeiten:<\/p>\n\n\n\n<ul class=\"wp-block-list\">\n<li>Einblick in die Stundenpl\u00e4ne Ihres Kindes\/Ihrer Kinder<\/li>\n\n\n\n<li>Abwesenheiten sehen und melden<\/li>\n\n\n\n<li>Anmeldungen f\u00fcr den Elternsprechtag<\/li>\n\n\n\n<li>Mitteilungen an die Lehrkr\u00e4fte verfassen<\/li>\n\n\n\n<li>Entschuldigungen ausdrucken<\/li>\n<\/ul>\n\n\n\n<h3 class=\"wp-block-heading\">Selbstregistrierung<\/h3>\n\n\n\n<div class=\"wp-block-columns is-layout-flex wp-container-core-columns-is-layout-28f84493 wp-block-columns-is-layout-flex\">\n<div class=\"wp-block-column is-layout-flow wp-block-column-is-layout-flow\">\n<p>Als Erziehungsberechtigte k\u00f6nnen Sie sich \u00fcber die <a href=\"https:\/\/kephiso.webuntis.com\/WebUntis\/?school=RS+%C3%9Cberlingen#\/basic\/login\" target=\"_blank\" rel=\"noreferrer noopener nofollow\">WebUntis-Anmeldeseite<\/a> selbst registrieren. Dazu klicken Sie auf den Link &#8222;<a href=\"https:\/\/rsue.webuntis.com\/WebUntis\/?school=rsue#\/basic\/userRegistration\" target=\"_blank\" rel=\"noreferrer noopener nofollow\">Registrieren<\/a>&#8220; unterhalb der Anmeldefelder.<\/p>\n<\/div>\n\n\n\n<div class=\"wp-block-column is-layout-flow wp-block-column-is-layout-flow\">\n<figure class=\"wp-block-image aligncenter size-full is-resized has-custom-border\"><img fetchpriority=\"high\" decoding=\"async\" width=\"942\" height=\"1130\" src=\"https:\/\/www.rsue.de\/wp-content\/uploads\/2024\/09\/WebUntis-Selbstregistrierung.jpg\" alt=\"\" class=\"wp-image-21157\" style=\"border-width:1px;border-radius:10px;width:300px\" srcset=\"https:\/\/www.rsue.de\/wp-content\/uploads\/2024\/09\/WebUntis-Selbstregistrierung.jpg 942w, https:\/\/www.rsue.de\/wp-content\/uploads\/2024\/09\/WebUntis-Selbstregistrierung-250x300.jpg 250w, https:\/\/www.rsue.de\/wp-content\/uploads\/2024\/09\/WebUntis-Selbstregistrierung-533x639.jpg 533w, https:\/\/www.rsue.de\/wp-content\/uploads\/2024\/09\/WebUntis-Selbstregistrierung-768x921.jpg 768w, https:\/\/www.rsue.de\/wp-content\/uploads\/2024\/09\/WebUntis-Selbstregistrierung-230x276.jpg 230w, https:\/\/www.rsue.de\/wp-content\/uploads\/2024\/09\/WebUntis-Selbstregistrierung-350x420.jpg 350w, https:\/\/www.rsue.de\/wp-content\/uploads\/2024\/09\/WebUntis-Selbstregistrierung-480x576.jpg 480w\" sizes=\"(max-width: 942px) 100vw, 942px\" \/><\/figure>\n<\/div>\n<\/div>\n\n\n\n<div style=\"height:1px\" aria-hidden=\"true\" class=\"wp-block-spacer\"><\/div>\n\n\n\n<div class=\"wp-block-columns is-layout-flex wp-container-core-columns-is-layout-28f84493 wp-block-columns-is-layout-flex\">\n<div class=\"wp-block-column is-layout-flow wp-block-column-is-layout-flow\">\n<p>Nun m\u00fcssen Sie die E-Mail-Adresse eingeben, die Sie bei der Anmeldung Ihres Kindes auf unserem Sekretariat hinterlegt haben. Diese wird zuk\u00fcnftig Ihr Benutzername f\u00fcr <em>WebUntis<\/em> bzw. <em>Untis Mobile<\/em>. sein.<\/p>\n\n\n\n<p class=\"has-background\" style=\"background-color:#fff5d9\"><strong>Wichtig<\/strong>: Nutzen Sie unbedingt Ihre pers\u00f6nliche E-Mail-Adresse, nicht die Ihres Kindes!<\/p>\n<\/div>\n\n\n\n<div class=\"wp-block-column is-layout-flow wp-block-column-is-layout-flow\">\n<figure class=\"wp-block-image aligncenter size-full is-resized has-custom-border\"><img decoding=\"async\" width=\"739\" height=\"583\" src=\"https:\/\/www.rsue.de\/wp-content\/uploads\/2024\/09\/image-1.png\" alt=\"\" class=\"wp-image-21158\" style=\"border-width:1px;border-radius:10px;width:300px\" srcset=\"https:\/\/www.rsue.de\/wp-content\/uploads\/2024\/09\/image-1.png 739w, https:\/\/www.rsue.de\/wp-content\/uploads\/2024\/09\/image-1-300x237.png 300w, https:\/\/www.rsue.de\/wp-content\/uploads\/2024\/09\/image-1-639x504.png 639w, https:\/\/www.rsue.de\/wp-content\/uploads\/2024\/09\/image-1-230x181.png 230w, https:\/\/www.rsue.de\/wp-content\/uploads\/2024\/09\/image-1-350x276.png 350w, https:\/\/www.rsue.de\/wp-content\/uploads\/2024\/09\/image-1-480x379.png 480w\" sizes=\"(max-width: 739px) 100vw, 739px\" \/><\/figure>\n<\/div>\n<\/div>\n\n\n\n<p>Bei \u00dcbereinstimmung erhalten Sie eine Best\u00e4tigungs-E-Mail. Die Registrierung kann nun entweder durch Klicken auf den Registrierungslink in der E-Mail oder durch Eingabe des Best\u00e4tigungscodes in WebUntis abgeschlossen werden. Anschlie\u00dfend w\u00e4hlen Sie ein pers\u00f6nliches Passwort.<\/p>\n\n\n\n<p>Es ist \u00fcbrigens auch m\u00f6glich, dass sich mehrere Erziehungsberechtigte mit unterschiedlichen E-Mail-Adressen in WebUntis anmelden. Sollte uns Ihre aktuelle E-Mail-Adresse nicht vorliegen, sollten Sie uns diese unserem Sekretariat mitteilen.<\/p>\n\n\n\n<h3 class=\"wp-block-heading\">Video-Tutorials<\/h3>\n\n\n\n<p>Es wird gezeigt, wie sich Erziehungsberechtigte bei WebUntis registrieren und wie eine Abwesenheitsmeldung funktioniert. Au\u00dferdem werden einige Men\u00fcpunkte von WebUnits erkl\u00e4rt.<\/p>\n\n\n\n<div class=\"wp-block-columns is-layout-flex wp-container-core-columns-is-layout-28f84493 wp-block-columns-is-layout-flex\">\n<div class=\"wp-block-column is-layout-flow wp-block-column-is-layout-flow\" style=\"flex-basis:50%\">\n<figure class=\"wp-block-embed is-type-video is-provider-youtube wp-block-embed-youtube wp-embed-aspect-16-9 wp-has-aspect-ratio\"><div class=\"wp-block-embed__wrapper\">\n<iframe title=\"Anlegen eines Benutzeraccounts f\u00fcr Eltern in WebUntis mit Hilfe der Selbstregistrierung\" width=\"1170\" height=\"658\" src=\"https:\/\/www.youtube.com\/embed\/Gv7CPp2yKzo?feature=oembed\" frameborder=\"0\" allow=\"accelerometer; autoplay; clipboard-write; encrypted-media; gyroscope; picture-in-picture; web-share\" referrerpolicy=\"strict-origin-when-cross-origin\" allowfullscreen><\/iframe>\n<\/div><\/figure>\n<\/div>\n\n\n\n<div class=\"wp-block-column is-layout-flow wp-block-column-is-layout-flow\" style=\"flex-basis:50%\">\n<figure class=\"wp-block-embed is-type-video is-provider-youtube wp-block-embed-youtube wp-embed-aspect-16-9 wp-has-aspect-ratio\"><div class=\"wp-block-embed__wrapper\">\n<iframe title=\"WebUntis: Abwesenheitsmeldung eines Kindes durch die Erziehungsberechtigten\" width=\"1170\" height=\"658\" src=\"https:\/\/www.youtube.com\/embed\/A5SluX9fC44?feature=oembed\" frameborder=\"0\" allow=\"accelerometer; autoplay; clipboard-write; encrypted-media; gyroscope; picture-in-picture; web-share\" referrerpolicy=\"strict-origin-when-cross-origin\" allowfullscreen><\/iframe>\n<\/div><\/figure>\n<\/div>\n<\/div>\n\n\n\n<div class=\"wp-block-buttons is-content-justification-center is-layout-flex wp-container-core-buttons-is-layout-a89b3969 wp-block-buttons-is-layout-flex\">\n<div class=\"wp-block-button is-style-fill\"><a class=\"wp-block-button__link has-white-color has-text-color has-background has-link-color wp-element-button\" href=\"https:\/\/rsue.webuntis.com\/WebUntis\/?school=rsue#\/basic\/login\" style=\"background-color:#dd8500\" target=\"_blank\" rel=\"https:\/\/kephiso.webuntis.com\/WebUntis\/?school=RS+%C3%9Cberlingen#\/basic\/main noreferrer noopener nofollow\">WebUntis starten<\/a><\/div>\n<\/div>\n\n\n\n<h3 class=\"wp-block-heading\">Zugriff \u00fcber Untis Mobile<\/h3>\n\n\n\n<p>Um die App <strong>Untis Mobile<\/strong> auf einem mobilen Endger\u00e4t zu nutzen, m\u00fcssen Sie zun\u00e4chst in <a href=\"https:\/\/rsue.webuntis.com\">WebUntis<\/a> unter PROFIL &#8211; FREIGABE den Zugriff \u00fcber Untis Mobile aktivieren. Nach der Installation der App aus dem <a href=\"https:\/\/apps.apple.com\/at\/app\/untis-mobile\/id926186904\" target=\"_blank\" rel=\"noreferrer noopener nofollow\">App Store<\/a> oder <a href=\"https:\/\/play.google.com\/store\/apps\/details?id=com.grupet.web.app\" target=\"_blank\" rel=\"noreferrer noopener nofollow\">Google Play<\/a> k\u00f6nnen Sie nun Ihre Anmeldedaten per QR-Code auf das mobile Endger\u00e4t \u00fcbertragen oder manuell eingegeben.<\/p>\n\n\n\n<p class=\"has-background\" style=\"background-color:#fff5d9\"><strong>Tipp<\/strong>: Halten Sie die App immer aktuell. Bei technischen Problemen hilft meistens eine Neuinstallation.<\/p>\n\n\n\n<p>Bitte beachten Sie, dass die Selbstregistrierung bisher nur im Browser und nicht in der App <em>Untis Mobile<\/em> m\u00f6glich ist.&nbsp;<\/p>\n","protected":false},"excerpt":{"rendered":"<p>Als Erziehungsberechtigte haben Sie unter anderem folgende M\u00f6glichkeiten: Selbstregistrierung Als Erziehungsberechtigte k\u00f6nnen Sie sich \u00fcber die WebUntis-Anmeldeseite selbst registrieren. Dazu klicken Sie [&hellip;]<\/p>\n","protected":false},"author":110,"featured_media":0,"parent":0,"menu_order":0,"comment_status":"closed","ping_status":"closed","template":"page-templates\/page_fullwidth.php","meta":{"footnotes":""},"class_list":["post-21156","page","type-page","status-publish","hentry"],"_links":{"self":[{"href":"https:\/\/www.rsue.de\/index.php?rest_route=\/wp\/v2\/pages\/21156","targetHints":{"allow":["GET"]}}],"collection":[{"href":"https:\/\/www.rsue.de\/index.php?rest_route=\/wp\/v2\/pages"}],"about":[{"href":"https:\/\/www.rsue.de\/index.php?rest_route=\/wp\/v2\/types\/page"}],"author":[{"embeddable":true,"href":"https:\/\/www.rsue.de\/index.php?rest_route=\/wp\/v2\/users\/110"}],"replies":[{"embeddable":true,"href":"https:\/\/www.rsue.de\/index.php?rest_route=%2Fwp%2Fv2%2Fcomments&post=21156"}],"version-history":[{"count":36,"href":"https:\/\/www.rsue.de\/index.php?rest_route=\/wp\/v2\/pages\/21156\/revisions"}],"predecessor-version":[{"id":21829,"href":"https:\/\/www.rsue.de\/index.php?rest_route=\/wp\/v2\/pages\/21156\/revisions\/21829"}],"wp:attachment":[{"href":"https:\/\/www.rsue.de\/index.php?rest_route=%2Fwp%2Fv2%2Fmedia&parent=21156"}],"curies":[{"name":"wp","href":"https:\/\/api.w.org\/{rel}","templated":true}]}}